at is the highest common factor of 12 and d?
12
Let p(a) = 25*a + 534. Let c be p(-12). Suppose 7*t - 94 = 2*t + 4*f, -4*f = -2*t + 40. What is the highest common factor of t and c?
18
Suppose 23*b + 225 = 28*b. Calculate the greatest common divisor of 27 and b.
9
Let w be (12/(-36))/(1/(-69)). What is the greatest common factor of w and 69?
23
Suppose 644 = -10*j + 2204. Calculate the highest common factor of j and 108.
12
Let f be ((-24)/48)/(1/(-4)). Suppose 3*i = -f*a + 490, 5*i - 6*a + 3*a - 785 = 0. What is the greatest common factor of 32 and i?
32
Let o = -6 - -4. Let a be 35/(-28)*(-38 - o). Suppose 0 = 5*b + 3*k - 45, -2*k = 2*b + 4 - 22. Calculate the highest common divisor of b and a.
9
Let v = 15 - 19. Let n be 12 + (-10 + 2 - v). Suppose -21 = n*f - 93. What is the greatest common divisor of 9 and f?
9
Suppose -3*c + 486 = -99. Calculate the greatest common divisor of 5 and c.
5
Let y = 509 - 319. Calculate the greatest common factor of y and 76.
38
Suppose -2*c - g + 17 = 0, 0*c + 5*g = -5*c + 40. Suppose -10*i + c*i = -19. Let a = 25 - i. Calculate the greatest common divisor of a and 30.
6
Suppose -4*v - 2546 = -4146. What is the greatest common factor of 325 and v?
25
Suppose 1566*u = 1577*u - 11. Calculate the greatest common factor of u and 53.
1
Suppose -3*p + 46 = -5*n, -6*n = -2*p - 3*n + 31. Let c = 186 + -67. What is the greatest common divisor of p and c?
17
Let t = 1016 - -2584. Suppose -4*r + t = 11*r. Calculate the greatest common factor of 15 and r.
15
Suppose -3*q + 3*b = 5 - 29, -4*q - 3*b = -39. Suppose 0 = -0*v + 2*v + 12. Let x be ((-32)/v)/(2/27). Calculate the greatest common divisor of x and q.
9
Suppose 3 = -q - j, -q + 4*j - 30 = 2*q. Let g = 9 - 42. Let u be (-979)/g - 2/q. Calculate the highest common factor of 270 and u.
30
Let l = 97 - -25. Suppose 3*g - a - l = 70, 129 = 2*g - a. What is the highest common divisor of 14 and g?
7
Let f = -862 - -3001. Calculate the highest common factor of f and 186.
93
Let v be 44/(-77) - 30*120/(-126). Calculate the greatest common divisor of v and 76.
4
Let a = -38 + 48. Let w be 8/3*330/a. Calculate the greatest common factor of 22 and w.
22
Suppose 46*q - 3 = 38*q + 165. Suppose -3*r + 1 = -11. Suppose 2*j = -2*w + 34, -r*w - 10 = 2*j - 72. Calculate the greatest common divisor of q and w.
7
Let m(s) = -s**3 - 3*s**2 + 4*s + 2. Let j be m(-4). Suppose 4*n + 2*g - 1120 = -0*n, -2*n - j*g = -562. Calculate the highest common factor of n and 31.
31
Suppose l = 3*g - 43, -201 = -4*g + 4*l - 133. Let q(x) = 3*x**2 + 2*x - 3. Let a be q(2). Calculate the highest common factor of g and a.
13
Let i(m) = -m**2 + 3*m. Let p be i(4). Let c(n) = n**2 + 3*n - 2. Let g be c(p). Calculate the highest common divisor of g and 4.
2
Suppose 2*p - 772 = 2*x + 2*x, -x = -4*p + 1537. Suppose s - p = -5*s. Suppose 3*w - s = 53. Calculate the greatest common divisor of 26 and w.
13
Suppose -2*t + 66 + 126 = 0. Let f = -14 + 31. Let k = f - 5. What is the highest common factor of k and t?
12
Suppose -c = -2 - 1. Suppose -326 = -c*h + 160. Let i = -15 + 33. Calculate the highest common factor of h and i.
18
Let o(j) = 11*j - 6 + 30*j**2 - 29*j**2 - 5*j. Let v be o(-9). Calculate the highest common divisor of v and 14.
7
Let s = -37 - -159. Suppose 4*k - s = 410. What is the greatest common divisor of k and 38?
19
Let a(o) be the first derivative of o**2 + 28*o - 14. Let f be a(-13). Suppose -7*y - f*y + 234 = 0. Calculate the highest common factor of 39 and y.
13
Let a = 27 - 10. Let k = -38 + a. Let x be (-141)/k - (-2)/7. What is the greatest common divisor of x and 21?
7
Let c be 39/3 - (-3 - 1). Suppose 0 = a - 2*n - 4 - c, 5*a - 3*n = 77. Calculate the greatest common divisor of a and 65.
13
Suppose 0 = -0*h + h + 5*f + 23, 2*h + f + 10 = 0. Let k be h*((-25)/(-15) + 0). Let u be (-72)/k*105/14. What is the highest common factor of 12 and u?
12
Suppose -8*d - 1 = -7*d. Let v be d/7 + (-2920)/(-56). What is the greatest common factor of 130 and v?
26
Let l(f) = f**2 + 4*f. Let s be l(-4). Suppose s = -u - 0*u + 4. Let i be 4*(-2)/u + 52. What is the greatest common divisor of 20 and i?
10
Suppose 5*y = -3*b + 240, 2*b + y = -y + 164. Suppose 475 = 6*m + b. Calculate the highest common divisor of 13 and m.
13
Let k(o) = -o**2 + 7*o + 10. Let b be k(8). Suppose -4*z = 2*l + 3*l - 282, -z + b*l + 64 = 0. Calculate the greatest common factor of z and 17.
17
Suppose -16 = -4*c - 0. Suppose -83 = -c*r - 11. Let o = -1153 - -1155. Calculate the greatest common factor of o and r.
2
Suppose -12*r - 22 = 2. Let n be r + (-3 - -3) + 16 - 1. What is the highest common factor of n and 91?
13
Let n(v) = v**3 - 16*v**2 + 87*v + 41. Let x be n(13). Calculate the greatest common factor of 266 and x.
133
Let g be 12 + -9 + (0 - -34). Calculate the greatest common divisor of 1 and g.
1
Let g = 116 - 114. Suppose 4*z = 5*j + 66, -5*z - 2*j + 80 = -7*j. Suppose g*h - z = h. Calculate the greatest common divisor of 112 and h.
14
Suppose 0 = -72*j + 79087 + 54545. Calculate the highest common divisor of j and 128.
64
Let c = 86 + 255. What is the greatest common factor of c and 31?
31
Let d(p) = -p**3 + 4*p**2 - 4*p + 3. Let g be d(3). Suppose 3*r - 4*r = -4*x + 18, g = -4*x + 20. Calculate the highest common factor of 9 and r.
1
Let x(m) be the first derivative of -m**3/3 - 2*m**2 + 10*m - 11. Let g be x(5). Let c be (-3)/5 - 1701/g. Calculate the greatest common factor of 16 and c.
16
Suppose 0 = 31*f - 44*f + 130. Calculate the highest common divisor of f and 190.
10
Let i = 1020 - 234. What is the highest common divisor of 12 and i?
6
Let k be 9/2*(-2 + -1 + 1). Let o be (-6632)/(-72) - (-1)/k. Calculate the greatest common divisor of o and 23.
23
Suppose 0 = -2*n - 2*j + 17 + 17, 0 = 2*n - 2*j - 14. Calculate the highest common divisor of n and 186.
6
Let q(f) = -4 + 0*f - 10*f + 11*f**2 + f - f**3. Let j be q(8). Suppose 4*r = -2*x + j, 0*x - 277 = -4*x + r. Calculate the highest common divisor of x and 34.
34
Suppose -f + 18 = -0*d + 4*d, 2*f - 3*d = 36. Let r = 12 - 9. Suppose 4*n - 154 = -r*i, 7*i + 5*n - 260 = 2*i. What is the greatest common divisor of f and i?
18
Let x be 1924/14 + 0 - (-8)/14. What is the greatest common factor of 184 and x?
46
Let v be (-340)/(-595) + 748/14. What is the highest common factor of 288 and v?
18
Let k be ((-6)/(-3))/(4/790). Suppose -6*h + h + k = 0. Suppose 0 = -5*m + h + 41. What is the greatest common divisor of m and 12?
12
Let k be (40/(-6))/(20/(-30)). Let j be (k - 2)*1/2. Suppose j*o = -n + 3*n - 96, 0 = 4*n - 5*o - 186. Calculate the greatest common divisor of 4 and n.
4
Let s(f) = 14*f - 34. Let r(q) = -2*q**3 - 23*q**2 + 14*q + 30. Let o be r(-12). Let x be s(o). What is the highest common factor of 30 and x?
10
Let w(a) = a**2 + 2*a - 19. Let d be w(-6). Let n be 2 + (d/(-3))/((-5)/225). What is the highest common factor of n and 11?
11
Let s = 119 - 93. Calculate the greatest common divisor of s and 13.
13
Let x(k) = -k**3 + 15*k**2 + 36*k - 21. Let j be x(17). Calculate the highest common divisor of j and 611.
13
Let l be (4 + -26)*-1 + -10. Calculate the greatest common factor of 324 and l.
12
Let f(v) = -v**3 - 4*v**2 + 6*v + 10. Let c be f(-5). Suppose -c*w + 94 = -151. Let o = 5 - -2. Calculate the greatest common divisor of w and o.
7
Let d(l) = -2*l - 8. Let t be d(-6). Suppose -20 = 3*u - t*u. Let h = -570 - -630. What is the highest common divisor of h and u?
20
Let c be 546/(2*1) + 6/2. What is the highest common factor of 24 and c?
12
Let h(k) = 34*k**2 + 6*k + 4. Let u be h(-1). Let g = u - 8. What is the highest common factor of 60 and g?
12
Let f = -22 - -10. Let v be (-46 + 0)*6/f. Let g = v + -9. What is the greatest common factor of 21 and g?
7
Let u(v) = -45*v + 573. Let r be u(8). What is the highest common factor of r and 6?
3
Let c = 18 - 16. Let n(j) = 3 + 20*j - 15 - c*j - j**2. Let l be n(15). What is the highest common factor of l and 66?
33
Let t = -10 + 52. Let o(l) = -3*l + 7. Let q be o(0). Calculate the highest common factor of q and t.
7
Let m = 157 + -148. Let z = -161 - -97. Let b be 6/(-2) - -2 - z. What is the highest common factor of m and b?
9
Let v be (-440)/(-56) - -1*(-4)/(-28). Calculate the highest comm